 the value of -30 + -8 + 24 - -22 - (-17 + 1)?
24
Calculate (-25 + 0 - (680 + -695)) + -34.
-44
What is the value of ((48 - 1) + 2 - (3345 + -3342)) + 9?
55
Calculate (9 - 1) + (140 - 108) + -3 + -44 + 24.
17
Calculate -54 - (-7 + (78 + -80 - (1 + 2) - -4)).
-46
Evaluate 20 + -30 + (9 - -1) + -14 + 0 + -2.
-16
Evaluate 28 - (45 + -59 - -80).
-38
What is the value of 58 + -1 - ((641 - 658 - (-1 - 40)) + -29)?
62
Evaluate (-47 - -50) + -1 + -40.
-38
What is the value of (-40 - -8) + -682 + 592?
-122
What is (301 - 5 - 207) + (-26 - 0)?
63
(101 - 159) + 98 + 52
92
What is 24 + -28 + (26 - -17) + 0?
39
What is -10 - -23 - (66 - 13)?
-40
(4 - 62) + (1 + -10 - (-43 + 37))
-61
What is -81 + 159 + -96 - -68?
50
43 - -30 - (5 - 1) - (2 + 1 + 3)
63
Calculate -22 - (-75 + 76 + 1 + -20).
-4
What is 24 - 5 - (-4 + -2 + 16) - 71 - -10?
-52
(17 - (8 + -6)) + 85 + (10 + 3 - -2)
115
What is (3 - (-15 + 5 + -2 + (24 - 9))) + -18?
-18
Evaluate 22 + (8 + -11 - 11) + (13 - 9).
12
Evaluate 12 + -24 + (-12 - (-13 - (-3 + 13))).
-1
What is the value of -6 + (-63 - -48) + -36?
-57
What is the value of 123 + (-64 - -50) + (-3 - (5 - -7))?
94
What is -53 + 29 + -11 + 16 + -12?
-31
Calculate 217 + -237 + -3 + 15 + (-1 - 6).
-15
Evaluate -9 + (-12 - (-1 - 10)) + 4 - -20 - 5.
9
What is the value of -54 - (-1 - 43 - 6)?
-4
Evaluate 3 - (-6 + 12 - 3 - (-70 + 63)).
-7
31 - ((-37 + 3 - (-40 + 30)) + 11)
44
25 + -16 + -19 + -8
-18
Evaluate 106 - (18 - (-31 - 15) - 22).
64
-30 + 37 + -9 - -27
25
Calculate 1 - 5 - (24 + 4 + -1 + -26 + 10).
-15
Evaluate (2 + 13 + -10 - (30 + -3)) + (-1 - -7).
-16
Evaluate 37 + 46 + -111 + 39.
11
(-25 - -19 - -132) + (2 - 5 - 3)
120
What is 275 - 241 - (2 - -8) - 32?
-8
What is (-90 - -45) + 49 + (19 - 1)?
22
What is the value of -5 + 5 + (10 - 3) + -14?
-7
What is the value of 14 - -1 - (278 - 281)?
18
Calculate -28 - -27 - ((-8 - 4 - -2) + 8).
1
Calculate (16 - (69 + -52)) + -43 - (0 + 20).
-64
Evaluate (-15 - (1 + -36)) + -76 + -9 + -5.
-70
-27 - 0 - (10136 - 10131)
-32
(8 - 13) + (19 - 2) + -59 + 31
-16
What is -231 + 166 + 0 + 32?
-33
What is the value of -1 + -75 + -8083 + 8086?
-73
27 + (-11 - (23 + -13 + -18)) + -7
17
5 + -22 + (-63 - -31 - 61)
-110
What is the value of 59 + (-257 - -48) + (8 - -18)?
-124
What is the value of -83 + (-23 - -8) - -38?
-60
Calculate 2 - (-12 - (-30 - (-16 - -3)) - -31).
-34
(495 + -491 - (5 - 1)) + -26
-26
Evaluate -5 - (-4 - -5) - (-9 + 10 + -22 - 12).
27
Evaluate -7 - (-12 + -1 + 0 + 14 + -46).
38
What is -2 + (-127 + 207 - 161)?
-83
Calculate -60 - ((0 + -8 - 0) + -1 + 1).
-52
(-80 - -28) + 67 + 10
25
(26 - 20) + 64 - (-9 - -25 - 13)
67
-3 + -10 - (2 - 9 - (12 + 18))
24
(-408 - -57) + 449 - (0 - -4)
94
What is the value of 3 - (-26 - (-36 + 3))?
-4
-31 - (-69 - (-24 - (-82 + 23)))
73
What is -14 + 6 + -4 + 27 + -3 + 3?
15
Calculate -23 + (-7 - (-48 + 30)) + -4.
-16
Evaluate 1917 - 1781 - (33 - 1) - 33.
71
What is the value of 2188 - 2210 - (-1 + 0 + -1 + 2)?
-22
What is the value of 76 + (6 + -23 - -2) + -4?
57
Evaluate (0 - 7) + 8 - (3 - 12) - 26.
-16
-23 + (-5 + 8 - (-48 + 37) - -37)
28
What is the value of 4 + 31 + 33 + 25 - -27?
120
1 + (-2 - 5) + 2 + 60 + (-19 - -28)
65
30 + -22 + (5 - 2) + (-46 - -3)
-32
0 + 6 - (15 + (69 - 75)) - 3
-6
What is -17 - (-11 - (-6 + -8)) - -2?
-18
-28 - -35 - 4 - (10 + 0) - 33
-40
43 + (-278 + 6 - -146)
-83
1 + -9 + -10 + (34 - 21) - -68
63
What is (98 + -46 - 0) + -15?
37
3 - (14 + -2) - (8 - -61 - 42)
-36
What is the value of -27 + (-20 - (20 - 14) - -10)?
-43
What is 107 + -93 + (1 - -5) + (1 - -5)?
26
What is the value of ((1 - (-3 - (11 - 2))) + -31 - -2) + 6?
-10
Evaluate -29 - -17 - -34 - (6 - 1 - -1).
16
Evaluate 10 - ((60 - 24) + 29).
-55
Evaluate 3 + -25 + -7 - (-685 + 659).
-3
Calculate (-1 - (-2 + 2)) + (-24 - -36) + -1 + -72.
-62
Calculate -13 + 2 - (-33 + 28 + -20 + 17).
-3
13 + 4 + (16 - -23 - 35)
21
91 - -2 - (34 + 2 - 20) - (-2 + -7)
86
2 + 7 + 1 + 27 + (-1 - 3)
33
What is the value of (73 - 45 - 17) + -24 + -4?
-17
What is 43 + (-8 - 18) + -29 - (-1 + -57)?
46
What is 182 - 208 - (9 + 6)?
-41
What is the value of -107 + -2 - (7 + (-41 - -17) + -10 - -23)?
-105
What is 69 - (54 + (44 - 72))?
43
Evaluate (6 - (1 + -19)) + 1 - 13.
12
What is the value of -102 + 7 + (23 - (8 + -13 + 32))?
-99
221 + -205 - ((6 - 8) + -1 + -10)
29
What is the value of 50 + -5 + -42 + 75?
78
Evaluate 14 - (-1 + 12 + (40 - (-69 + 93))).
-13
What is the value of -53 - (10 + (-30 - -19) - (10 + -6))?
-48
What is the value of -48 - ((-188 - -45) + 56)?
39
What is -48 + (-15 - 0) + (-14 - -81) + -69?
-65
-24 - -43 - (6 - ((4 - 2) + -2) - 2)
15
Calculate 1 + (2 - 6 - -65) + (-1 - 3) + -8.
50
What is -176 - (-86 - 72 - 4)?
-14
Calculate (19 - 9) + 138 + (-20 + -8 - -17).
137
-13 + 1 + (105 - (54 + 8))
31
Evaluate -102 + 236 - 71 - -23.
86
What is -84 - ((113 - 262) + 103)?
-38
Calculate 129 - 164 - (1 + -26).
-10
Evaluate (-15 - -19) + (-27 - 6) + -28 + 43.
-14
Evaluate -10 + (116 - 74) - (0 + 24).
8
Evaluate -8 + 6 - 15 - -1 - (-36 + 12).
8
(-14 + -3 + (10 - -13) - -2) + 2 + -66
-56
Calculate (-5 - -97) + ((42 - -26) + -12 - 39).
109
Evaluate (4 - -17) + -35 + (-10 - (-28 + 1)).
3
What is the value of 0 + -1 + -50 + (-3953 - -3980)?
-24
What is -7 - (37 + -111 - -48)?
19
Calculate -39 + -49 + -9 + 45 + 11.
-41
-22 - -7 - (-89 + 28)
46
What is (-106 - -119 - (2 + 1)) + 7?
17
Evaluate -6 - ((6 + -71 - 4) + -2 - -1) - 10.
54
140 + (-147 - -75) + (2 - -7) + -7 + 1
71
Evaluate -3 + -10 + (36 - (-7 - -19 - 14) - 9).
16
What is 34 + (82 - 19) - 53?
44
Calculate -15 - 31 - (11 + (0 - -15)).
-72
Calculate (3 - -3 - -14) + 84 + 3 + (-2 - -2).
107
-33 + (48 - (-10 + -109)) - 6
128
89 - (-4 - (52 - 104))
41
What is the value of (-61 + 39 - 28) + 12?
-38
77 + 1 + (0 + 0 - (-5 - -17))
66
Calculate (0 + 7 - (-1549 - -1540)) + 28 + 11 + 0.
55
Calculate -309 + 293 - (-14 - (7 - -1)).
6
Calculate (-63 + 26 - -79) + -86.
-44
What is -58 + (7 + -5 + 16 - (-7 - -5))?
-38
Calculate 9 + 1 - (17 - 1 - (-134 - -77)).
-63
What is -1 + 2 + (12 - (26 - (-15 + 19)))?
-9
Evaluate -5 + -6 + -2 - -3 - (-6 + -2).
-2
4 + (-4 - (1 - 2) - (-64 + 33)) + 9
41
What is the value of 1107 + -1095 + 41 + 3 + -1 + -3?
52
(0 - (14 - (8 - -4))) + 7 + 0
5
Evaluate -11 + (4 - (7 + -33 - -8)).
11
Calculate (-6 - -62) + -47 - (-2 - (14 + 2)).
27
What is -1 + 9 + (9 + 10 - 18) - (86 + -30)?
-47
-152 - (-25 - 4) - (-32 - 8)
-83
What is the value of 4 - (-23 + 25 + -4) - -14?
20
What is 4 + 6 + 16 + (-7 - (-31 - 14))?
64
Evaluate (-6 - (-6 - -4) - -12) + -1 - 31.
-24
Evaluate 0 - (21 - 10 - 14).
3
What is -42 + 44 + 2 + 7 + 7 + -125?
-107
(-54 - -36 - -22) + 0 + 1 + 0 + -3
2
((-20 - -27) + 9 - -28) + -8 + -1
35
(3 - (13 - (42 + -12))) + 3 + -13
10
-19 - -81 - 57 - 6
-1
2 - (-227 - -341 - (-5 - (-4 - -3)))
-116
What is 13 + (-1 + 2 + 44 - (14 + -24))?
68
Evaluate -49 + (149 - 116) + 3 + -2 + 1 - 52.
-66
What is 25 + -10 + 1 + -5 + 23?
34
What is (68 - -33) + (226 - 447)?
-120
What is -79 + 91 + (5 - 3) + 6?
20
Evaluate -22 - (-7 + 59 - 63).
-11
(72 - 52 - (-1 - -29)) + 1 + 0 + 59
52
Evaluate 0 + -15 - (-85 + (46 - -56)).
-32
Calculate (23 - 39) + 83 + (-2 - (-3 - 1) - 2).
67
What is (29 - (-1 - -1)) + (-824 - -801)?
6
13 + (2 - 51 - (-40 + 1 - -23))
-20
35 - (2 - (-20 + 2) - (-19 + -2 - -31))
25
What is the value of (6 + -1 - (-42 + 49)) + -2 - (-124 + 171)?
-51
(13 + 17 - -26) + -8 - -2
50
What is -84 - (-33 + (49 - (-3 - -32)))?
-71
Evaluate -14 + (-52 + -8 + (4 - -22) - 19).
-67
Evaluate 10 + 76 + (20 - 16) + -13 + -5.
72
Calculate 58 + (68 + -19 - 100).
7
Evaluate (-8 - 7 - -3) + 4 - (9 + 25).
-42
What is the value of 27 + -33 + -14 + 12 + -3?
-11
56 - ((0 - (0 + -3)) + -130 + 233 + -102)
52
-94 + 1 + 2 + -182 + 187 - (-1 - -5)
-90
-21 + 30 - ((5 - (12 - (5 + -3))) + 72)
-58
Calculate 8 + -2 + -45 - (4 + -3 + -3) - -2.
-35
(-2 + 3 - (4 - (-10 - 18))) + 8
-23
Evaluate -22 + (-6 - -4) + (5 + -5 + 13 - 14).
-25
What is (61 - 69) + (2 - -2) + 2 + 1 - -40?
39
-41 - ((-4 - -6) + 10 + -1 + -25)
-27
What is the value of -32 + 1 + 892 + -861 + 17?
17
Evaluate -1 - (-28 - -16 - (-11 - 63)).
-63
What is -531 + 550 - (2 - (30 + 0))?
47
What is the value of -45 - (0 + -1) - (-5661 + 5707)?
-90
16 - ((0 - 14 - -19) + (-1 - 3))
15
What is the